{"id":179,"date":"2024-07-13T20:35:00","date_gmt":"2024-07-13T19:35:00","guid":{"rendered":"https:\/\/project.revolware.com\/subojvynalezcov\/?page_id=179"},"modified":"2024-07-13T20:35:00","modified_gmt":"2024-07-13T19:35:00","slug":"video-navod","status":"publish","type":"page","link":"https:\/\/project.revolware.com\/subojvynalezcov\/video-navod\/","title":{"rendered":"S\u00faboj Vyn\u00e1lezcov &#8211; Video N\u00e1vod"},"content":{"rendered":"\n<figure class=\"wp-block-embed is-type-video is-provider-youtube wp-block-embed-youtube wp-embed-aspect-16-9 wp-has-aspect-ratio\"><div class=\"wp-block-embed__wrapper\">\n<iframe loading=\"lazy\" title=\"S\u00faboj Vyn\u00e1lezcov Videon\u00e1vod SK\" width=\"500\" height=\"281\" src=\"https:\/\/www.youtube.com\/embed\/Fi77uOM99D8?feature=oembed\" frameborder=\"0\" allow=\"accelerometer; autoplay; clipboard-write; encrypted-media; gyroscope; picture-in-picture; web-share\" referrerpolicy=\"strict-origin-when-cross-origin\" allowfullscreen><\/iframe>\n<\/div><\/figure>\n","protected":false},"excerpt":{"rendered":"","protected":false},"author":8,"featured_media":0,"parent":0,"menu_order":0,"comment_status":"closed","ping_status":"closed","template":"","meta":{"footnotes":""},"class_list":["post-179","page","type-page","status-publish","hentry"],"_links":{"self":[{"href":"https:\/\/project.revolware.com\/subojvynalezcov\/wp-json\/wp\/v2\/pages\/179","targetHints":{"allow":["GET"]}}],"collection":[{"href":"https:\/\/project.revolware.com\/subojvynalezcov\/wp-json\/wp\/v2\/pages"}],"about":[{"href":"https:\/\/project.revolware.com\/subojvynalezcov\/wp-json\/wp\/v2\/types\/page"}],"author":[{"embeddable":true,"href":"https:\/\/project.revolware.com\/subojvynalezcov\/wp-json\/wp\/v2\/users\/8"}],"replies":[{"embeddable":true,"href":"https:\/\/project.revolware.com\/subojvynalezcov\/wp-json\/wp\/v2\/comments?post=179"}],"version-history":[{"count":2,"href":"https:\/\/project.revolware.com\/subojvynalezcov\/wp-json\/wp\/v2\/pages\/179\/revisions"}],"predecessor-version":[{"id":181,"href":"https:\/\/project.revolware.com\/subojvynalezcov\/wp-json\/wp\/v2\/pages\/179\/revisions\/181"}],"wp:attachment":[{"href":"https:\/\/project.revolware.com\/subojvynalezcov\/wp-json\/wp\/v2\/media?parent=179"}],"curies":[{"name":"wp","href":"https:\/\/api.w.org\/{rel}","templated":true}]}}